sor of 1719 and 9.
9
Calculate the highest common factor of 16 and 52.
4
Calculate the greatest common divisor of 1908 and 12.
12
What is the greatest common divisor of 168 and 144?
24
What is the highest common divisor of 72 and 640?
8
Calculate the greatest common divisor of 5 and 985.
5
What is the greatest common divisor of 235 and 282?
47
What is the greatest common factor of 2080 and 130?
130
Calculate the greatest common divisor of 208 and 16.
16
What is the highest common factor of 336 and 28?
28
What is the highest common divisor of 2898 and 168?
42
What is the highest common factor of 6 and 1146?
6
What is the greatest common factor of 237 and 1264?
79
What is the greatest common divisor of 7373 and 292?
73
Calculate the greatest common factor of 57105 and 30.
15
What is the greatest common factor of 676 and 156?
52
Calculate the greatest common divisor of 2607 and 66.
33
Calculate the highest common divisor of 2320 and 58.
58
What is the highest common factor of 52 and 13104?
52
What is the greatest common divisor of 792 and 6120?
72
What is the highest common factor of 15 and 415?
5
What is the greatest common divisor of 339 and 12?
3
Calculate the highest common divisor of 94 and 752.
94
Calculate the highest common divisor of 9 and 1533.
3
What is the greatest common factor of 350 and 14?
14
Calculate the greatest common divisor of 609 and 174.
87
Calculate the greatest common factor of 2400 and 15.
15
Calculate the highest common divisor of 99 and 2739.
33
Calculate the greatest common divisor of 221 and 104.
13
What is the greatest common divisor of 3840 and 24?
24
Calculate the highest common divisor of 9780 and 60.
60
What is the greatest common divisor of 5 and 35?
5
What is the highest common factor of 76 and 188?
4
Calculate the greatest common divisor of 272 and 527.
17
What is the greatest common divisor of 30 and 40?
10
Calculate the greatest common divisor of 40 and 1210.
10
Calculate the greatest common divisor of 23 and 1357.
23
What is the highest common divisor of 369 and 36?
9
What is the greatest common divisor of 946 and 22?
22
Calculate the highest common factor of 21 and 5.
1
What is the greatest common divisor of 1386 and 33?
33
What is the greatest common factor of 30 and 45?
15
What is the highest common divisor of 77 and 2849?
77
What is the highest common divisor of 44 and 3652?
44
What is the greatest common factor of 32 and 1072?
16
What is the greatest common factor of 9 and 33?
3
What is the greatest common divisor of 90 and 10?
10
Calculate the greatest common factor of 123 and 33.
3
What is the greatest common divisor of 14 and 1183?
7
What is the greatest common factor of 90 and 4230?
90
Calculate the greatest common divisor of 25431 and 173.
173
Calculate the highest common factor of 90 and 6174.
18
What is the greatest common factor of 18904 and 139?
139
What is the greatest common factor of 422 and 9917?
211
Calculate the greatest common divisor of 286 and 110.
22
Calculate the greatest common divisor of 17 and 272.
17
Calculate the highest common factor of 30 and 2334.
6
Calculate the highest common factor of 234 and 208.
26
Calculate the highest common divisor of 2120 and 200.
40
What is the greatest common divisor of 55 and 209?
11
What is the highest common divisor of 470 and 20?
10
Calculate the highest common factor of 8 and 184.
8
Calculate the highest common factor of 115 and 60.
5
Calculate the greatest common factor of 221 and 17.
17
What is the highest common factor of 530 and 106?
106
What is the greatest common divisor of 138 and 30?
6
What is the highest common factor of 2500 and 50?
50
What is the greatest common factor of 82 and 4100?
82
Calculate the greatest common factor of 38 and 1216.
38
What is the greatest common divisor of 1660 and 20?
20
Calculate the greatest common divisor of 864 and 96.
96
Calculate the highest common factor of 15 and 225.
15
Calculate the highest common factor of 189 and 297.
27
Calculate the greatest common divisor of 8752 and 112.
16
What is the highest common factor of 1580 and 20?
20
What is the greatest common factor of 132 and 36?
12
What is the greatest common divisor of 44 and 996?
4
Calculate the greatest common factor of 1358 and 970.
194
Calculate the highest common factor of 6 and 32.
2
Calculate the highest common factor of 6 and 162.
6
Calculate the highest common factor of 183 and 3.
3
Calculate the highest common divisor of 66 and 2134.
22
What is the highest common factor of 16 and 92?
4
What is the greatest common factor of 252 and 36?
36
Calculate the highest common divisor of 720 and 16.
16
Calculate the greatest common factor of 16 and 6.
2
What is the greatest common divisor of 20 and 100?
20
What is the highest common factor of 14 and 126?
14
Calculate the highest common factor of 6 and 450.
6
What is the greatest common factor of 7503 and 427?
61
Calculate the greatest common factor of 81 and 72.
9
Calculate the highest common factor of 4485 and 130.
65
Calculate the greatest common divisor of 129 and 43.
43
What is the greatest common factor of 63 and 3339?
63
Calculate the greatest common divisor of 1067 and 22.
11
What is the highest common divisor of 1456 and 91?
91
What is the highest common factor of 85 and 170?
85
Calculate the highest common factor of 433 and 2.
1
What is the highest common divisor of 495 and 297?
99
What is the highest common divisor of 34 and 187?
17
What is the highest common factor of 2756 and 52?
52
Calculate the greatest common factor of 38 and 494.
38
What is the greatest common factor of 11694 and 12?
6
Calculate the highest common factor of 18377 and 69.
23
What is the greatest common divisor of 40 and 124?
4
Calculate the highest common divisor of 744 and 3627.
93
Calculate the highest common factor of 91 and 611.
13
What is the greatest common divisor of 400 and 144?
16
Calculate the greatest common divisor of 40 and 2220.
20
What is the highest common divisor of 128 and 140?
4
Calculate the greatest common divisor of 476 and 56.
28
What is the greatest common factor of 26 and 8?
2
What is the greatest common divisor of 8809 and 23?
23
What is the greatest common factor of 1189 and 82?
41
Calculate the greatest common divisor of 56 and 2660.
28
What is the highest common divisor of 312 and 117?
39
What is the highest common divisor of 1591 and 43?
43
Calculate the highest common factor of 43 and 6880.
43
Calculate the highest common divisor of 11507 and 74.
37
What is the greatest common divisor of 78 and 182?
26
Calculate the highest common factor of 560 and 30.
10
Calculate the greatest common factor of 17970 and 60.
30
What is the highest common factor of 42 and 12999?
21
What is the highest common factor of 85 and 10?
5
What is the greatest common factor of 732 and 61?
61
Calculate the greatest common divisor of 16 and 72752.
16
Calculate the highest common factor of 224 and 77.
7
What is the greatest common divisor of 324 and 135?
27
What is the greatest common factor of 861 and 9?
3
What is the highest common factor of 890 and 1958?
178
Calculate the greatest common factor of 3435 and 120.
15
What is the highest common divisor of 2184 and 702?
78
Calculate the greatest common divisor of 130 and 10.
10
Calculate the highest common divisor of 1428 and 136.
68
What is the highest common factor of 300 and 492?
12
What is the greatest common factor of 13 and 8?
1
What is the highest common divisor of 80 and 5?
5
What is the highest common factor of 17 and 68?
17
What is the highest common factor of 70 and 6139?
7
Calculate the highest common factor of 4330 and 10.
10
What is the highest common divisor of 18 and 14?
2
What is the greatest common divisor of 48 and 6576?
48
What is the highest common factor of 6468 and 392?
196
Calculate the highest common divisor of 30 and 640.
10
Calculate the greatest common factor of 8112 and 1716.
156
Calculate the highest common divisor of 59 and 20178.
59
Calculate the highest common divisor of 117 and 234.
117
Calculate the greatest common divisor of 217 and 31.
31
Calculate the highest common factor of 385 and 595.
35
What is the highest common factor of 56 and 1022?
14
Calculate the highest common factor of 90 and 130.
10
Calculate the greatest 